osite?
True
Is 21004721 composite?
False
Is 276422495 a prime number?
False
Is 1121495941 composite?
False
Is 1565403421 a composite number?
False
Is 12567969761 prime?
False
Is 186206329 a prime number?
True
Is 315304001 a prime number?
True
Is 78974112431 prime?
True
Is 2481000661 prime?
True
Is 8053110227 prime?
False
Is 611554877 prime?
False
Is 10324711678 a composite number?
True
Is 182204182817 prime?
False
Is 9425801699 a prime number?
True
Is 8852137849 composite?
True
Is 123906764747 composite?
True
Is 25168112617 prime?
False
Is 812089713 a composite number?
True
Is 47154435599 a prime number?
False
Is 10070597941 a prime number?
False
Is 60161258737 a composite number?
True
Is 162712600909 composite?
True
Is 121569124153 composite?
False
Is 1500710171 a prime number?
True
Is 35664899509 prime?
False
Is 40712101 prime?
True
Is 288512639 a prime number?
True
Is 78306311693 a composite number?
True
Is 929074171 composite?
False
Is 12343991579 composite?
False
Is 226782781 prime?
True
Is 1662328417 composite?
False
Is 727152233 a prime number?
True
Is 1546071077 composite?
True
Is 21395885671 composite?
True
Is 1420071683 prime?
True
Is 1534348703 composite?
False
Is 6333247073 composite?
True
Is 1727354767 a composite number?
True
Is 26965012187 composite?
False
Is 449948579 a prime number?
True
Is 8116893247 a composite number?
False
Is 69653203 a composite number?
True
Is 184185982 prime?
False
Is 100306428289 composite?
False
Is 3315321809 a composite number?
False
Is 382102153 a prime number?
True
Is 5191209706 a prime number?
False
Is 246455834853 composite?
True
Is 67669890283 prime?
False
Is 71259678839 composite?
False
Is 105859213093 a composite number?
True
Is 7738847323 prime?
True
Is 532549559 composite?
False
Is 1394928499 a prime number?
True
Is 6280561187 composite?
False
Is 733172459 prime?
True
Is 21121063087 a prime number?
False
Is 2250577697 a prime number?
True
Is 8026509331 composite?
False
Is 2985416761 composite?
False
Is 7115971 composite?
False
Is 35387559551 composite?
False
Is 76822327 composite?
False
Is 53835248353 composite?
False
Is 22370382395 composite?
True
Is 232081093 composite?
True
Is 622691738 composite?
True
Is 1187981777 composite?
True
Is 2985998413 prime?
False
Is 343137389 composite?
True
Is 54110869 a prime number?
False
Is 10851499634 a prime number?
False
Is 6269327593 prime?
False
Is 4500860477 a composite number?
False
Is 2350044037 a prime number?
False
Is 187510823 composite?
True
Is 97719971 composite?
False
Is 27554682535 composite?
True
Is 195980697379 composite?
False
Is 3766439323 composite?
True
Is 9323248951 prime?
True
Is 1945387867 a composite number?
False
Is 1444695833 a prime number?
False
Is 2173111 a prime number?
True
Is 16331224051 a composite number?
True
Is 536485409 a prime number?
False
Is 6377040331 a prime number?
False
Is 256770463 a prime number?
True
Is 326792203 a composite number?
True
Is 3578857531 composite?
False
Is 5591507291 a composite number?
False
Is 109714573 composite?
False
Is 2055534841 a prime number?
False
Is 2876163811 composite?
True
Is 30438044687 composite?
True
Is 3060305681 prime?
True
Is 175103961401 a composite number?
False
Is 33829552697 a prime number?
True
Is 108696142181 composite?
True
Is 9771371823 a composite number?
True
Is 23242196381 composite?
False
Is 1968428537 a prime number?
True
Is 166076209237 a prime number?
True
Is 1743976079 a composite number?
False
Is 3101171611 a composite number?
True
Is 13200994699 a composite number?
False
Is 3360219319 prime?
False
Is 12850828661 composite?
True
Is 8160036781 composite?
True
Is 3861167 prime?
True
Is 126383617 a composite number?
False
Is 4023177263 prime?
False
Is 10746587279 prime?
False
Is 36283014401 a prime number?
True
Is 6610162981 prime?
False
Is 17551561033 composite?
False
Is 271047811 a prime number?
True
Is 1277352347 composite?
False
Is 81894753893 composite?
True
Is 1958113939 a composite number?
True
Is 17079802897 a composite number?
True
Is 44451196187 composite?
False
Is 2726117489 a prime number?
True
Is 10851815501 a prime number?
True
Is 1994343643 prime?
True
Is 1090275227 a prime number?
True
Is 16302263 a prime number?
False
Is 3644552519 prime?
True
Is 685299737 composite?
True
Is 1706533753 composite?
False
Is 2993047363 prime?
False
Is 1104213553 a prime number?
True
Is 68071022267 a prime number?
True
Is 14925813101 prime?
True
Is 13928981587 prime?
False
Is 14844406177 composite?
False
Is 14162684713 a prime number?
True
Is 5675344919 a composite number?
False
Is 15646344721 a prime number?
False
Is 14823604579 a composite number?
True
Is 548393119 a prime number?
False
Is 7810976527 a composite number?
False
Is 49899376627 a composite number?
False
Is 33036256087 composite?
True
Is 3474139049 a composite number?
True
Is 48607963 a prime number?
False
Is 29124832811 prime?
False
Is 15431982127 prime?
True
Is 15432802237 a composite number?
False
Is 5670191902 composite?
True
Is 101296801 a prime number?
True
Is 434340919 a prime number?
True
Is 4137459223 composite?
True
Is 68875117099 prime?
False
Is 16796287169 prime?
False
Is 157762357 a composite number?
False
Is 5503403219 prime?
False
Is 1086121163 a composite number?
True
Is 3716438621 a composite number?
True
Is 3843879001 a prime number?
True
Is 7398435703 a prime number?
False
Is 5594920379 prime?
True
Is 172322123 a composite number?
True
Is 8503509667 composite?
True
Is 74678449 a prime number?
True
Is 157990883 prime?
False
Is 33748708613 a composite number?
True
Is 5071108139 a prime number?
False
Is 1016266549 a prime number?
False
Is 24134858177 a prime number?
True
Is 12773292913 prime?
True
Is 20857463941 a composite number?
False
Is 5953996439 prime?
False
Is 5068560407 a composite number?
False
Is 3231677047 a composite number?
True
Is 117935263 a prime number?
True
Is 1709125463 prime?
True
Is 4386159907 composite?
False
Is 79611628807 a prime number?
True
Is 44298476023 a composite number?
False
Is 280334609 a prime number?
True
Is 3954251369 composite?
True
Is 14740220723 a composite number?
True
Is 32831482603 composite?
False
Is 445526173 prime?
False
Is 341171867 composite?
False
Is 4093522513 composite?
False
Is 28551981061 composite?
False
Is 15948160783 a composite number?
False
Is 195188401 prime?
True
Is 2775993599 a prime number?
False
Is 11131859 a prime number?
True
Is 4271541583 a composite number?
True
Is 815652391 a composite number?
False
Is 1130477191 prime?
True
Is 23006418221 prime?
False
Is 44166442387 prime?
False
Is 71387951759 prime?
False
Is 38317300321 composite?
False
Is 355089029 prime?
False
Is 337901177 a composite number?
True
Is 30305126927 a prime number?
True
Is 1059300994 a composite number?
True
Is 429353557 prime?
False
Is 34619099 a composite number?
False
Is 16651919 a composite number?
True
Is 2600939639 a prime number?
True
Is 11146526551 a composite number?
False
Is 6034375513 a composite number?
True
Is 2803087997 composite?
True
Is 5933795173 a prime number?
False
Is 68145823181 a prime number?
False
Is 999474631 a prime number?
False
Is 1545040573 prime?
True
Is 8944124549 a composite number?
True
Is 813488201 a composite number?
True
Is 15210411157 a composite number?
False
Is 643565627 a composite number?
False
Is 1219245133 composite?
False
Is 3851448377 a prime number?
False
Is 12047532583 composite?
False
Is 2436726737 composite?
True
Is 103522049731 a composite number?
False
Is 2446055561 a composite number?
False
Is 104798534429 prime?
False
Is 3208910326 prime?
False
Is 90274208779 composite?
True
Is 84154416933 a composite number?
True
Is 862505429 a composite number?
True
Is 1295578549 prime?
False
Is 557562919 a prime number?
True
Is 12789706079 a composite number?
False
Is 249355151 a prime number?
False
Is 56388709673 a composite number?
True
Is 22986182251 composite?
False
Is 215975216101 prime?
False
Is 4298572871 a prime number?
False
Is 89890105417 a composite number?
True
Is 689549137 a prime number?
False
Is 424174827 a composite number?
True
Is 9208057231 composite?
False
Is 68338927 composite?
False
Is 783523801 a composite number?
True
Is 31676205359 a prime number?
True
Is 4687737833 a prime number?
Fals